on divisor of b and r.
19
Let a = -29 - -39. Let t(u) = -4*u - 1. Let v be t(-4). What is the greatest common factor of v and a?
5
Let k(c) = -c**3 - 6*c**2 - 5*c - 24. Let t be k(-9). What is the greatest common factor of t and 18?
6
Let z be (-1 - 0)/(2/(-4)). Suppose 0 = -j + 12 - z. What is the greatest common factor of 40 and j?
10
Let f be (24/(-14) + 2)*14. Suppose 2 = -l + 5*u, f*l + 2*u = 4*u - 44. Let x be (-3)/(-3)*(-1 - l). What is the highest common divisor of 99 and x?
11
Let z be 27*3/9 + 12. Calculate the greatest common factor of z and 357.
21
Suppose 5*z + x = 25 + 20, -5*x = -3*z + 55. Let l(i) = 11*i**2 + 2*i - 3. Let o be l(1). What is the highest common factor of o and z?
10
Let w(l) = -l**3 + 22*l**2 - 14*l - 130. Let z be w(20). Calculate the highest common divisor of z and 30.
30
Let w = -52 + 100. Suppose 6 = 3*k - 12. What is the greatest common factor of k and w?
6
Let w(o) = 11*o - 32. Let l be w(4). Suppose l*z - 384 = 4*z. What is the greatest common factor of z and 32?
16
Let b = 30 - 30. Let p(r) = 55*r**2 + 1. Let s be p(-1). Suppose b*o + s = 2*o - 2*u, -2*o = 4*u - 68. What is the greatest common factor of o and 20?
10
Let s(x) = -x**2 + 4*x - 1. Let i be s(-3). Let d be i/(-5)*10/1. Let g be (8 - 5) + 2/2. Calculate the highest common factor of d and g.
4
Let i(g) = 7*g + 2. Let v(o) = -7*o - 3. Let a(t) = 2*i(t) + 3*v(t). Let p be a(-8). Suppose 0 = 3*f + 9 - p. Calculate the greatest common divisor of 21 and f.
7
Suppose 16*l + 368 = 20*l. Suppose -4*c = -100 - l. Suppose -2*s - c = -6*s. What is the greatest common divisor of s and 132?
12
Suppose -2*v + 9 = 5*n, -4*v - 1 = -5*n - 4. Let k be 5/(-30)*-3*v. Let i be (-83)/(k - 2) - -4. What is the greatest common factor of i and 29?
29
Let f = -60 + 44. Let v = f + 41. What is the greatest common divisor of 150 and v?
25
Let r(l) = l**3 + l**2 + l - 1. Let w be r(1). Suppose -w = -5*c + 3. Let j be c*14*(-1)/(-2). Calculate the greatest common factor of j and 7.
7
Let l be (17/(-3))/((-7)/21). Calculate the highest common divisor of 289 and l.
17
Let y(g) = 99*g**2 + 147*g. Let i be y(-5). Calculate the greatest common factor of i and 60.
60
Let h = -16 + 11. Let l = 10 - h. Let a be (-10)/(-75) - (-58)/l. What is the greatest common factor of 16 and a?
4
Suppose 1764 = -5*z - 7*z. Let q be 999/7 - (-7)/(z/(-6)). Calculate the greatest common factor of q and 13.
13
Suppose 108*c - 340 = 103*c. What is the greatest common divisor of 34 and c?
34
Suppose -3*w = 3, -5*p + 108 = -2*w + 1. Let h = -8 + 22. What is the highest common factor of p and h?
7
Let o be (1 + (-10)/(-30))/((-16)/(-156)). What is the highest common divisor of 2 and o?
1
Let v(u) = u**2 + 11*u + 21. Let t be v(-9). Suppose -t*d = -b + 30, 7*b - 3*b = -d + 146. What is the greatest common divisor of b and 9?
9
Suppose 7 = -3*a + 4*a. Suppose 0*k - 5*k = -4*b + 209, 0 = 3*b - 5*k - 153. Calculate the greatest common factor of a and b.
7
Suppose 0 = -2*n - 89 - 29. Let w = 124 + n. Suppose 15 = o - t, -4*o - o = t - 63. What is the greatest common divisor of o and w?
13
Suppose r - 5*r + 6 = -2*k, 5*k + 4*r - 27 = 0. Let m be (6 - 7)/(1/(-23)). Suppose -6*d + m*d = 408. What is the greatest common divisor of d and k?
3
Let x(n) = 3*n**3 - 10*n**2 + 4*n + 8. Let b be x(4). Calculate the highest common factor of 16 and b.
8
Suppose 0 = -5*u + n + 13510, 2*n - 8942 = -4*u + 1852. Calculate the highest common factor of u and 73.
73
Suppose 4*p = 22 + 34. Suppose -3*n + 2*i - 22 = 0, 2 = -n - 3*i + i. Let l be (-754)/n - (-5)/15. What is the greatest common factor of l and p?
14
Let o = -242 + 256. What is the highest common factor of o and 742?
14
Let q be 4 + -3*2/6. Suppose -4*p + p + 10 = -g, -5*g - q*p = -22. What is the greatest common factor of 22 and g?
2
Let l(h) = -h**3 - 32*h**2 + 462*h - 104. Let f be l(-43). What is the highest common factor of f and 9?
9
Let o be (3/2)/((-28)/(-280)). Calculate the highest common divisor of 135 and o.
15
Let q(x) = 3*x - 4. Suppose -5*u = -25, -k - k + 29 = 5*u. Let n be q(k). Suppose b + n*b = 75. What is the greatest common divisor of 100 and b?
25
Let j be (-192)/18*-3*(-1)/(-2). Let u = -47 + 111. What is the greatest common divisor of u and j?
16
Suppose 799 = 5*v + 134. What is the highest common factor of 19 and v?
19
Let t be (-12)/(8/(-7 + 3)). Suppose -t*f + 5*f = -4. Suppose -f*p + r + 899 = 0, -2*r - 230 = -0*p - p. Calculate the highest common factor of 32 and p.
32
Let w = 226 + -156. What is the highest common divisor of w and 160?
10
Let u(w) = 33*w**2 + 11*w + 16. Let z be u(-2). Calculate the greatest common divisor of 72 and z.
18
Suppose -3*g - 4*k + 690 + 163 = 0, 0 = -3*g + 5*k + 817. What is the highest common divisor of g and 9?
9
Let a(p) be the first derivative of 5*p**2/2 + 32*p + 27. Let d be a(-2). Let m be 2 + -62*(-1)/2. What is the highest common divisor of m and d?
11
Let s(j) = 9*j - 113. Let d be s(13). What is the greatest common factor of d and 34?
2
Let m(j) = j**3 + 11*j**2 - 9*j - 5. Let a be m(-11). What is the greatest common divisor of 141 and a?
47
Suppose -12*f + 205 - 61 = 0. What is the highest common factor of 76 and f?
4
Let v be 84/18*(-6)/(-7). Suppose v*s - s = 2*p + 513, 2*s + 4*p - 358 = 0. Let b = 281 - s. What is the greatest common factor of 27 and b?
27
Suppose -15*c = -12*c - 159. What is the highest common divisor of c and 424?
53
Let u(x) = -21*x**2 - 58*x**3 - 57*x**3 + 26 - 19*x + 114*x**3. Let p be u(-20). What is the highest common divisor of p and 6?
6
Let v(x) = -x**3 - 2*x**2 + x + 8. Let s(w) = -w**2 - 8*w + 1. Let b be s(-9). Let u be v(b). Calculate the greatest common factor of 48 and u.
48
Let s be (-2)/(-4) - 6/(-4). Let g = -1 + s. Let f be 2*g*11/2. Calculate the greatest common divisor of 55 and f.
11
Let l be (-2)/((-12)/3 + 3). Suppose m - 18 = -l. What is the greatest common divisor of m and 16?
16
Let h(y) = 15*y - 144. Let t be h(10). What is the highest common divisor of t and 10?
2
Let t(f) = -3*f - 4. Let j be t(-3). Let o = -143 + 158. What is the greatest common factor of o and j?
5
Let n(x) = 2*x**2 - 18*x + 30. Let o be n(8). Calculate the highest common factor of 56 and o.
14
Suppose 3*d = p + 3 - 45, -5*p + 166 = -4*d. What is the highest common divisor of 20 and p?
10
Suppose 3*w + 4 = -2*k + 5*w, 32 = 4*k + 4*w. Suppose -b = -3*z - 22 - k, -3*b + 40 = -2*z. What is the greatest common divisor of b and 4?
2
Let k be (-4 - 1)/((-5)/5). Suppose 3*w = y + 5, -10*y - 75 = -15*y - k*w. Calculate the highest common divisor of y and 40.
10
Let z = -73 - -70. Let u(g) = 4*g + 20. Let l be u(z). Suppose -5*i + 368 = -4*k, 2*i + 3*k - 4*k = 146. What is the greatest common factor of l and i?
8
Let w(h) = 105*h - 19. Let g be w(5). Calculate the highest common divisor of 46 and g.
46
Suppose 19*t = 7*t + 720. Suppose -3*l + t = -30. What is the highest common factor of 20 and l?
10
Let q = -11 - -29. Let f be 3573/78 + 60/(-195) - (-1)/(-2). Calculate the greatest common factor of q and f.
9
Let t be 6*315*3/6. What is the highest common factor of t and 35?
35
Let y = 735 - 699. What is the highest common factor of 378 and y?
18
Let g be 27/(-18)*(-32)/6. Let l = -10 - g. Let i(f) = -f**3 - 19*f**2 - 17*f + 24. Let v be i(l). Calculate the greatest common factor of v and 42.
6
Suppose -74 = -2*b - 5*n, 2*b + 0*n + 3*n = 70. What is the highest common factor of b and 496?
16
Let y(j) = 4*j**3 + 4*j**2 - 2*j - 37. Let q be y(5). What is the highest common factor of q and 7?
7
Let i be (-36)/(-10) + -4 - 2494/(-10). Suppose 62 = -d + i. Suppose 3*k - 35 = -4*u, -k = -4*k + 4*u + 67. Calculate the highest common factor of d and k.
17
Suppose -81*f = -75*f - 780. What is the highest common divisor of f and 39?
13
Let z(l) = l**3 + 12*l**2 + 9*l - 9. Let s be z(-8). Calculate the highest common divisor of s and 70.
35
Let x = -234 - -246. Let k(v) = -v**3 - v + 8. Let m be k(0). Calculate the greatest common divisor of m and x.
4
Let u(m) = 8*m**2 + m - 2. Let a(w) = 23*w**2 + 3*w - 6. Let l(j) = 3*a(j) - 8*u(j). Let c be l(5). What is the greatest common divisor of c and 32?
32
Let a be (-2 - 18/(-8))/((-3)/(-300)). What is the greatest common divisor of a and 10?
5
Le